 - 15*y**2/2 - 4874. What is v(10)?
-50
Let h(o) be the second derivative of -o**5/20 - 7*o**4/12 + 7*o**3/6 - 3653*o. What is h(-8)?
8
Let q(c) = -3*c**2 - 5*c + 3. Suppose -3*f - 5*a = -1 - 12, 0 = -4*a + 8. Calculate q(f).
-5
Let s(h) = h**2 + 2*h + 3. Let z = -309 + 237. Let k = 69 + z. What is s(k)?
6
Let c(v) = 3*v + 54. Let u(x) = -7*x - 107. Let g(b) = -5*c(b) - 3*u(b). Let q be g(-8). Let j(i) = -3*i + 4*i - 4 - 2*i. Give j(q).
-7
Let a(y) = y**3 - 2*y**2 + 2*y - 1. Let n = 314 + -350. Let h be 8*(4 + 135/n). Determine a(h).
3
Suppose 0 = h - 3 - 0. Let s be (0 - ((-4)/3 - -2)) + 884/156. Suppose -5 = s*a - 2*i - h*i, 2*a + 14 = -4*i. Let o(z) = -z**3 - 4*z**2 - z + 1. Give o(a).
-5
Let q(b) = -b**2 - 6*b + 1. Let o = 3 - -2. Let i(d) = 23*d - 40. Let v be i(2). Suppose -o*p = -4*p + v. What is q(p)?
1
Let a(x) = -18*x - 71. Let s(p) = 34*p + 140. Let y(t) = -19*a(t) - 10*s(t). What is y(-7)?
-65
Let h(w) = -648*w + 671*w - 14*w**2 - 11*w**2 + 4*w**2 - 44 + 9*w**3 - 10*w**3. Calculate h(-22).
-66
Let o(j) = j**3 + 3*j**2 - 3*j - 6. Let d(x) = 2*x**3 + 72*x**2 - 7*x - 255. Let f be d(-36). Calculate o(f).
3
Let a(d) = 17*d + 29*d - 8*d - 21*d + 2. Give a(-1).
-15
Let k(h) = 11*h**2 + 57*h + 13. Let u(f) = -20*f**2 - 107*f - 27. Let d(y) = 11*k(y) + 6*u(y). What is d(17)?
15
Let a(s) = s**3 + 9*s**2 + 10*s + 11. Let l = -15965 + 15957. What is a(l)?
-5
Let s(u) = -14*u**2 + 3 - 2*u**2 + 23*u**3 - 14*u**3 - 12*u**3 - u - 9. Calculate s(-5).
-26
Suppose -13*j + 24 = -j. Let b(l) = -l**j - 4*l - 3*l + 0*l + 6 - 12. Determine b(-4).
6
Let p(o) be the first derivative of 11*o**3/3 - o**2 - o - 18. Let b = -5 - 1. Let a = b - -5. Calculate p(a).
12
Suppose -w + 4*o - 8 = 0, -2*w + 2*o + 11 = 3*o. Suppose 5*m = -4*j + 13, w*j - 6 = -3*m + 5. Let z(d) = 16*d. Calculate z(j).
32
Let o be (35/(-14))/(1/(-2)). Let a(z) = 26*z + 9. Let n(r) = -14*r - 5. Suppose -248 = -31*y - 62. Let u(b) = y*a(b) + 11*n(b). Determine u(o).
9
Let j = -2280 + 2280. Suppose -9 = 3*n - 0, n = -c. Let p(u) = u + 0*u + j*u + c*u. Determine p(1).
4
Suppose 0 = 3*i + g + 24, 3*i + 9 = 3*g - 3. Let k(n) be the first derivative of n**4/4 + 2*n**3 - 5*n**2/2 + 6*n - 85. Give k(i).
-8
Let i(c) = -c**2 - 8*c - 5. Let h be i(-7). Suppose 4*u - h*m - 4 = 3*m, 3 = 3*u - 4*m. Let s(n) = -13*n + 1. Determine s(u).
-12
Let o(f) be the third derivative of -4 - 3/2*f**3 - 1/120*f**6 - 62*f**2 + 0*f + 1/6*f**5 + 1/2*f**4. Give o(11).
2
Let m(j) = -2*j**2 + 40*j + 5. Let l(z) = 3*z**2 - 63*z - 7. Let a(h) = -5*l(h) - 8*m(h). Give a(5).
-5
Let k(q) be the second derivative of -3*q**5/20 - q**3/6 - 2*q + 318. Let u(r) = -r**3 + 8*r**2 - r + 7. Let n be u(8). Give k(n).
4
Let u(g) = 4*g + 11. Let k = 1724 + -1731. Give u(k).
-17
Let p(z) = 11*z**2 + 2. Let h(l) = 2*l**2 - l. Let j(i) = -5*h(i) + p(i). Let s be j(-4). Let x(a) = 5*a + 3. What is x(s)?
-7
Let v(p) = -13*p**2 + 60*p - 68. Let z(t) = 8*t**2 - 38*t + 44. Let h(a) = 5*v(a) + 8*z(a). What is h(6)?
-48
Let u = 41 - 33. Let q(r) = r. Let i(f) = 10 + 11 - 12 - f**2 + 11*f. Let n(c) = -i(c) + 2*q(c). Determine n(u).
-17
Let v(c) = -153*c + 78*c - 29 - 11*c**2 + 3 + 73*c. Let a(t) = 9 + 2*t - 3*t + 4*t**2 + 2*t. Let f(i) = 8*a(i) + 3*v(i). What is f(5)?
-21
Let l(s) be the second derivative of s**5/20 - s**4/12 - 8*s**3/3 + 7*s**2/2 - 1171*s. Give l(5).
27
Let r(f) be the second derivative of f**4/12 - 2*f**2 + 10*f. Let i(w) = -3*w**2 + 3*w + 3. Suppose -3 + 5 = b. Let h be i(b). Calculate r(h).
5
Suppose -2*t - 2*a - 3*a = -55, -5*t + 85 = 2*a. Let p(j) = 2*j**2 - 28*j - 7. Calculate p(t).
23
Let n(h) = 6*h**3 + 311*h**2 - 55*h - 154. Let d be n(-52). Let x(v) be the second derivative of 5/6*v**3 + 6*v - 1/2*v**d + 0. Calculate x(1).
4
Let t(f) = -72*f + 1077. Let r be t(15). Let o(i) = -2*i**3 - 3*i**2 + 3*i - 2. Determine o(r).
16
Let p(y) = -2*y**2 + 68*y + 70. Let k be p(35). Let i(q) = q**2 + 5*q + 4. Calculate i(k).
4
Let v be (-245)/13 + 376/(-2444). Let d(f) = f**3 + 19*f**2 + 2*f + 30. Determine d(v).
-8
Let d(l) = -5363 + 5364 - 9*l + 10*l. Suppose -3*a + 10 = -4*a. Let z be (-25)/(-10)*(-12)/a. Give d(z).
4
Let z(v) = -58 + 57 + 9*v**3 - 10*v**2 + 11*v**2. Determine z(1).
9
Let z(j) = j**3 - 6*j**2 - 4*j + 9. Suppose -12*i - 32 = -16*i. Suppose x = 9*x - i. Suppose x = n - 5. Give z(n).
-15
Let j(z) be the first derivative of 3*z**2 + 77*z + 1453. Determine j(-13).
-1
Suppose -312*r + 45 = -307*r. Let d(q) = -2*q**3 + 22*q**2 + 9*q + 9. Let u(b) = b**3 - 10*b**2 - 4*b - 4. Let g(n) = r*u(n) + 4*d(n). Calculate g(3).
9
Suppose 3*i - 17 - 22 = -2*g, 0 = -3*g - 2*i + 71. Suppose 0 = 12*l + 33 + g. Let f(h) = 2*h**2 + 10*h - 4. What is f(l)?
-4
Let o(p) = -p**2 - 9*p + 15. Suppose 0 = 5*g + 5*v - 4*v + 55, -7*v = 5*g + 85. Calculate o(g).
5
Let y = 18 + -7. Let r(s) = y - 20 + s - 4. Suppose 0 = 12*o - 18*o + 66. Give r(o).
-2
Let r(m) = m**2 + m + 1. Let f(g) = -7*g**3 - 3*g**2 - 4*g - 2. Let q(c) = -f(c) - 3*r(c). Calculate q(-2).
-59
Let t(w) be the second derivative of -w**6/120 - w**5/10 - w**4/12 - w**3/6 - 19*w**2 - 123*w. Let o(r) be the first derivative of t(r). Calculate o(-6).
11
Let f be 1*12/16*8. Let q(b) = 33*b**3 + 12*b**2 + 6*b + 7. Let v(h) = -h**3 + 2*h**2 + h + 1. Let d(o) = f*v(o) - q(o). Calculate d(-1).
38
Let i(t) = t**2 + 12*t + 10. Let g be (-2 + 10/(-1))*-1. Suppose 88 = -g*v + v. Give i(v).
-22
Let p(t) = 265 - 47*t - 22*t - 24 - 97. Calculate p(2).
6
Let v(j) = -j**2 - 21*j - 4. Suppose 29*k = 3*k - 78. Let o(b) = -b**2 - 19*b - 3. Let n(l) = k*v(l) + 4*o(l). Determine n(-8).
40
Let q(o) = 2*o. Suppose 5*b + 0 - 25 = 0, -45 = -5*a - 4*b. Suppose -a*s = -8*s - 54. Let v(w) = -w**2 + 20*w. Let u(i) = s*q(i) + 2*v(i). Calculate u(3).
-6
Let s = 599 - 597. Let r(t) = 6*t**2 - 31*t + 18. Let z(c) = c**2 - 6*c + 3. Let h(m) = s*r(m) - 11*z(m). Determine h(-6).
15
Let t = -10 + 15. Suppose 11*c + t = 16*c. Let d(p) = -8*p**3 - p. Let o(y) = y**2 - y. Let l(n) = d(n) - 2*o(n). What is l(c)?
-9
Let y(p) be the second derivative of -3*p**5/4 + p**4/12 - 2*p**3/3 - 2*p**2 - 4*p - 1115. Give y(-1).
16
Suppose 52*k - 46*k = 0. Suppose c + 5*z = -k*c + 23, 0 = -3*c + 5*z + 9. Let f(i) be the second derivative of i**4/12 - 5*i**3/3 + i. Give f(c).
-16
Let q = 2 - 0. Let g(u) be the second derivative of -u**4/12 + 2*u**3/3 + 94*u + 10. Calculate g(q).
4
Let p(h) = 2*h**2 + 12*h - 4. Let j be -78 - -88 - (-48)/(-3). Determine p(j).
-4
Let p(c) = -3*c**2 + 9*c + 11. Suppose -4*v + 2*b = -14, 31*v - 34*v - 5*b + 30 = 0. Give p(v).
-19
Suppose -10*v + 62 = -28. Let d(q) = q + v + 9 - 2*q**2 + 10 - 25. Calculate d(-3).
-18
Let n(a) be the second derivative of -7*a**6/360 + a**5/40 + a**4/12 + 5*a**3/3 - 3*a**2/2 + 21*a. Let w(o) be the second derivative of n(o). Give w(-1).
-8
Let v(w) = w - 19*w - 13*w + 54 + 36. Give v(3).
-3
Let m(n) = 3*n**3 - 46*n**2 + 87*n - 34. Let a(d) = -d**3 + 22*d**2 - 43*d + 15. Let i(b) = 5*a(b) + 2*m(b). Determine i(-20).
27
Let r(g) = -g**3 + g**2 - 3*g + 3. Let k be 8/(-10)*265/106. Let a be 12/k - (-2)/((-6)/(-27)). Determine r(a).
-24
Let c(h) = -h**2 + 17*h + 20. Let b be c(18). Let l(t) = 6 + b*t - 4*t - 11 + 7. What is l(5)?
-8
Suppose 14 = -2*s - 4*a, -s = -11*s - 2*a - 70. Let l(y) = y**2 + 8*y - 6. Give l(s).
-13
Let h(d) = -11*d. Let n(u) = -14*u + 1. Suppose l - 5*l = 2*c + 28, 2*l = 4*c + 6. Let z(j) = c*n(j) + 5*h(j). Calculate z(-4).
-8
Suppose -2*h + 3*d = 4 + 8, -8 = -3*h - 2*d. Let f be (h + 0 + 1)/((-25)/(-75)). Let s(g) = -9*g + g**3 - f + 17*g - 5 + 10*g**2. Determine s(-9).
1
Let l(b) = b**2 - 20*b + 19. Let w be l(19). Suppose -i + w*i - 3*t + 39 = 0, 4*t - 196 = -4*i. Let a(m) = 0*m - m - i + 62. Calculate a(-7).
15
Suppose a = -0*q - 5*q + 9, 7 = 3*q - a. Let s(m) = -7*m**2 - 4*m - 6*m**2 + 4*m**2 + 20*m**3 - 9 + 4*m**q - 19*m**3. What is s(6)?
3
Let v(o) = -2*o + 4. Suppose 73*t - 69*t = 100. Suppose 6*g - t - 11 = 0. Determine v(g).
-8
Let z(y) be the first derivative of -y**6/360 + y**5/60 - y**4/24 - 2*y**3/3 + 22*y + 31. Let j(h) be the third derivative of z(h). What is j(-2)?
-9
Let s(b) = -7*b + 30. Suppose -480*m = -476*m - 32. Give s(m).
-26
Let y(z) = -2*z - 7. Suppose 261 = -3*p + r, -5*r + 154 = -5*p - 291. Let t = 51 + p. Let a = t - -28. Give y